120 - x**5/30 + x**4/8 - x**3/6 - 4*x**2 + 7*x. Determine i(2).
-11
Let p be 4/(-14) + 132/21. Let q(y) = 9*y + 8. Let w(t) = -t - 1. Let a(v) = q(v) + 5*w(v). Let o(s) = -3*s - 4. Let b(c) = -4*a(c) - 5*o(c). What is b(p)?
2
Let q(b) be the first derivative of -25*b**2/2 - b - 92. What is q(2)?
-51
Suppose -3*u + 1 = -4*w - 2, 4*u = 2*w + 14. Let d(m) = 0*m - w*m - 3 + 0*m + 2 + m**3. Let n be ((-2)/(-8))/((-20)/240). Calculate d(n).
-19
Let d be 1/(-4 + (-81)/(-21)). Let o(w) be the first derivative of -1/2*w**2 + 3 - 15*w. What is o(d)?
-8
Let v(c) = -25*c**2 + 13*c - 9. Let t(g) = 37*g**2 - 19*g + 13. Let z(a) = -5*t(a) - 7*v(a). Calculate z(2).
-34
Let s(d) = d**3 - 16*d**2 - 17*d - 6. Let u = 1865 - 1848. Calculate s(u).
-6
Suppose 0*t + 10 = 3*t + 5*q, t + 4 = 2*q. Suppose -5*i + 2*i + 15 = t. Let k(f) = f**2 - 3*f - 4. Calculate k(i).
6
Let n(i) = i**3 + 5*i**2 - i - 4. Suppose c + 2*o + 4 = 0, -19 = -2*c + 2*o + 3*o. Suppose 25 = -5*z + 2*m, z + c*z + 4*m = -15. Calculate n(z).
1
Suppose 2*k - 4*k = -t - 10, 16 = -t + 5*k. Let c be t/2*(4 + -3). Let f(j) be the third derivative of -5*j**4/24 - j**3/6 + 8*j**2. Give f(c).
14
Let m(z) = 4*z**2 + 5*z - 12. Let k(p) = -5*p**2 - 5*p + 13. Let q(g) = 3*k(g) + 4*m(g). Let u(n) = -n**2 + 97*n + 610. Let j be u(-6). What is q(j)?
15
Let n(t) be the second derivative of t**3/3 + 7*t**2/2 - 83*t + 2. Give n(-7).
-7
Let b(a) = 4*a**3 - 10*a**2 + 8*a + 6. Let h(o) = -11*o**3 + 29*o**2 - 23*o - 18. Let y(z) = -8*b(z) - 3*h(z). Calculate y(6).
0
Let g(b) be the first derivative of -2*b**3/3 - 13*b**2/2 + 16*b + 339. What is g(-8)?
-8
Let t(p) be the second derivative of -p**5/20 + 5*p**4/2 - 31*p**3/6 + 30*p**2 + 3*p. Let h be t(29). Let l(d) = d**3 + d**2 - 3*d + 3. Calculate l(h).
9
Let i(y) be the first derivative of -y**6/60 - y**5/60 + y**3/6 + 11*y**2 - 24. Let v(r) be the second derivative of i(r). Calculate v(-2).
13
Let l = 24 + -29. Let c(n) = -1. Let i(x) = 2. Let h(t) = 3*c(t) + 2*i(t). Let g(j) = j - 2. Let p(k) = g(k) + 3*h(k). Give p(l).
-4
Let l(b) = -b**3 + 34*b**2 - 29*b - 123. Let t be l(33). Let z(a) = -a**3 + 11*a**2 - 19*a + 8. What is z(t)?
-1
Let p(n) = 2*n**2 - 184 + 0*n + 4*n + 93 + 5*n + 95. Calculate p(-5).
9
Let x = 27 + -31. Let a(l) = l**2. Let d(i) = -5*i**2 + i + 1. Let z(k) = x*a(k) - d(k). What is z(-1)?
1
Let b(i) = 577*i - 283*i + 16 - 292*i. What is b(-8)?
0
Let u(a) = -7*a**2 - 3*a - 7. Let v(d) = d**3 - 16*d**2 + 15*d + 9. Let o be v(15). Let b(w) = -3*w**2 - 2*w - 3. Let t(n) = o*b(n) - 4*u(n). Calculate t(7).
8
Let v(w) = -w**3 + 8*w**2 + w - 3. Suppose -19*x + 12*x = -56. Suppose -5*n - 24 = -x*n. What is v(n)?
5
Let q(i) = -i**3 - 4*i**2 - 3. Let h(a) = 8*a - 3*a**2 - 2*a**2 + 1 + 6*a**2. Let o be h(-7). Let w be (o + 0)*(-6)/(-9). What is q(w)?
-3
Let p = -46 + 49. Suppose -5*q - 3 = -p*l - 17, l = -4*q + 1. Let f(h) = 2*h + 3. What is f(l)?
-3
Let j(i) = -i + 436*i**3 + i**2 - 4*i**2 - 2*i**2 - 435*i**3. Calculate j(5).
-5
Suppose -3*p + 2 = -2*r + 6, -2*r + 10 = 0. Let q(h) = 0 + 5*h - 2*h + 2 - p*h. Determine q(6).
8
Let f(y) be the first derivative of -3*y**2/2 + 9*y - 262. Give f(7).
-12
Let q be (-136)/119*7/(-2). Suppose 5*c = 8*w - 4*w + 11, 2*c = -3*w + 9. Let z = q - w. Let j(n) = n - 3. Determine j(z).
0
Let v(w) = -5*w + 4*w + 289*w**2 - 2*w**3 + 4*w**3 - 288*w**2. What is v(1)?
2
Suppose -15 = -4*a + 1. Let b(z) = 0*z**3 + 5*z**3 + 1 - 2*z**2 - 2*z**2 - 4*z**3. Determine b(a).
1
Let j(m) be the third derivative of -m**7/840 - m**5/120 - 10*m**3/3 - 4*m**2. Let w(i) be the first derivative of j(i). What is w(1)?
-2
Let a(i) be the third derivative of i**6/360 + i**5/40 + 3*i**4/8 + 9*i**2. Let p(g) be the second derivative of a(g). Let r = -4 + 2. Determine p(r).
-1
Let y(c) = -11*c + 10. Let p(b) = 23*b - 22. Let m(v) = 4*p(v) + 9*y(v). Determine m(-6).
44
Let o(b) = -338*b - b**2 + 339*b + 2*b**2 - 34. Give o(0).
-34
Let r(p) be the second derivative of p**3/6 - 6*p**2 + p - 26. Calculate r(6).
-6
Let h(f) = -7*f + 13. Let c(i) = 4*i - 7. Let n(x) = -11*c(x) - 6*h(x). What is n(-2)?
3
Let x be 1 - (2 + (-12)/(-3)). Let q(f) be the third derivative of f**4/24 + f**3/2 + 462*f**2. Give q(x).
-2
Let g(l) be the second derivative of 5*l + 5/6*l**3 + 0 + 7/2*l**2. Let q = -9 - -4. Determine g(q).
-18
Let p(j) = -j**2 - 6*j - 3. Let o be 9 + (1 - -1) + -6. Suppose -o*a - 4 = -4*a. Calculate p(a).
5
Let a(z) = -6*z - 17*z**3 + 9*z**3 - 3 + 7*z**3 - 6*z**2. Let m be a(-5). Suppose m*c = 4*c - 10. Let i(u) = u**3 - 4*u**2 - 4*u + 5. Calculate i(c).
10
Let f(t) = -4*t + 10. Let x = 186 - 178. Determine f(x).
-22
Suppose 18 = -v + 5*u, -3*u + 5*u + 2 = 5*v. Let o be 4/(-3)*v*-3. Let s(i) = 6*i + 3*i - o*i - 6 + 2*i. Calculate s(4).
6
Let y(z) = -2*z + 18. Suppose 0 = -x - 4*v + 4, 3*x - 5*v - 47 = -18. Calculate y(x).
2
Suppose 4*n = -0*n + 12. Suppose n*t + 4*o + 4 = -1, 10 = 3*t + o. Let d(x) = -5 + t + x - 4 - 5. Give d(0).
-9
Let x(z) = z**2 - 3. Suppose 0 = 4*q - 5*p + 16 + 4, -3*q = 4*p - 16. What is x(q)?
-3
Let x(n) = -17*n**2 + 19*n - 1. Let p(f) = -12*f**2 + 14*f - 1. Let v(h) = -7*p(h) + 5*x(h). Give v(-3).
2
Let m(g) = 2*g**3 - 9*g**2 + 11*g - 18. Let z(d) = 3*d**3 - 14*d**2 + 17*d - 27. Let r(p) = -7*m(p) + 5*z(p). Calculate r(6).
3
Let v(m) = -39*m + 12. Let s(d) = -21*d + 6. Let k(b) = -9*s(b) + 5*v(b). Give k(4).
-18
Let l be 2 - 0 - (-3 - 1). Let t(v) = 0*v - 1 + l*v - v - 7*v. Let j be t(-1). Let a(h) = -2*h**2 + 1. Determine a(j).
-1
Let u(l) = 6*l**3 + 8*l**2 - 8*l - 19. Let z(p) = -p**3 + 5. Let g(f) = u(f) + 5*z(f). Determine g(-9).
-3
Suppose -3 = n - 5. Let z(t) = -12 - 10*t + t**n + 9*t + 11. Give z(-1).
1
Let f be (-3)/2*13/((-312)/128). Let t(l) = -l**2 + 6*l + 11. What is t(f)?
-5
Let a(l) = 9*l + 4 + 14*l + 4 - 25*l. Let v(s) be the third derivative of -s**6/120 - s**5/60 - s**4/24 - s**2. Let b be v(-2). Give a(b).
-4
Let h(f) be the first derivative of -f**4/4 - 8*f**3/3 + f**2 + 9*f - 170. Suppose -x - x = 16. What is h(x)?
-7
Let h(c) = 5*c + 27. Let y(z) = -3*z - 18. Let p(a) = -5*h(a) - 8*y(a). Let j be (-2)/(-5) + (-735)/25. Let t = 29 + j. Determine p(t).
9
Let p be 60/90*(2 + 33/6). Let l(b) = 3*b - 3. Calculate l(p).
12
Suppose -c = 2*c - 9. Suppose 4*w - 3*s + 8*s + 1 = 0, -c*w - s + 2 = 0. Let g(o) = 18*o**3 - o + 1. Calculate g(w).
18
Let j(h) = 3*h + 5. Let v(m) = m**2 + 2*m + 3. Let f be v(-2). Suppose -r = t + 9, -t = -f*t + r - 3. Give j(t).
-7
Let o be (-20)/35 - (-728)/(-98). Let z(p) = -2*p - 13. Determine z(o).
3
Let t be 24/(-21)*35/10. Let o(d) = -d**2 - 12*d - 7. Let y(u) = -u - 1. Let h(g) = -o(g) + 6*y(g). Calculate h(t).
-7
Suppose 3*p + 1 = 7. Suppose p*z + 3*x - 18 = -z, -2*z + 2*x = 0. Let o(t) = 3*t**3 + t + 6 + 1 - 12*t**z - 6. What is o(-1)?
9
Let f(g) = -6*g**2 + 1. Let z(l) = -l**2 + 17*l + 39. Let u be z(19). Determine f(u).
-5
Let n(p) = p**2 + p. Suppose 18 + 7 = 5*k, -4*k + 17 = c. Let l = c - -10. Let m be 4 - l/((-28)/(-8)). What is n(m)?
6
Let x(f) = f**2. Suppose 5*g - 5 = -5*s, -2*s = -0*s + 10. Let a be 18 - g*4/6. Let t = 13 - a. Calculate x(t).
1
Let c(s) = s**3 - 3*s**2 - 3*s - 2. Suppose -2*p + 4*p - 28 = 0. Suppose -i + 3*q - 22 = 3*i, -4*i - q = p. Let k be 5 + 1 + (i - -2). Calculate c(k).
2
Let x(g) = -3*g + 50. Let b be x(16). Let m(n) be the first derivative of -1/2*n**b + 5 - 11*n. Determine m(-6).
-5
Let r(z) = -77*z**2 + 75*z**2 - 2 - 235*z + 235*z. What is r(-4)?
-34
Let g(m) = 2*m + 25 - m - 27 - 7*m. Give g(1).
-8
Let z(w) = -4*w + 1. Let l(f) = -17*f + 9. Let a(b) = l(b) - 4*z(b). Calculate a(3).
2
Let o(d) = 2*d - 16. Let g(f) = f**3 - 7*f**2 + 5*f + 2. Let w be g(6). Let n be 1 - 1 - 2*w. Let r be o(n). Let a(z) = z**2 - z + 3. Give a(r).
3
Let t(p) be the first derivative of 9*p**2/2 + 63*p + 66. Give t(-6).
9
Let g = -28 - -33. Let j(x) = -2*x + 8 + 5*x - x**2 - g. Give j(5).
-7
Suppose 0 = -6*m + 3*m - 24. Let d(w) = -4059 + 4059 - 3*w + 4*w. Give d(m).
-8
Let r(p) = -11*p**3 - 9*p**2 + 11*p + 13. Suppose -v - 2*v = -12. Let i(o) = 5*o**3 + 4*o**2 - 5*o - 6. Let u(t) = v*r(t) + 9*i(t). Determine u(2).
4
Let n(m) = m**3 + 5*m**2 - 6*m. Let b(x) be the second derivative of x**4/12 - 5*x**3/6 - 6*x**2 - 6*x. Let i be b(6). What is n(i)?
0
Let s(r) = r**2 -